{"id":44,"date":"2023-02-05T01:25:40","date_gmt":"2023-02-05T00:25:40","guid":{"rendered":"https:\/\/szczepara.com\/?page_id=44"},"modified":"2023-02-06T00:00:58","modified_gmt":"2023-02-05T23:00:58","slug":"kancelaria","status":"publish","type":"page","link":"https:\/\/szczepara.com\/","title":{"rendered":"Kancelaria"},"content":{"rendered":"\t\t<div data-elementor-type=\"wp-page\" data-elementor-id=\"44\" class=\"elementor elementor-44\">\n\t\t\t\t\t\t<section class=\"elementor-section elementor-top-section elementor-element elementor-element-0003ce0 elementor-section-boxed elementor-section-height-default elementor-section-height-default\" data-id=\"0003ce0\" data-element_type=\"section\" data-e-type=\"section\">\n\t\t\t\t\t\t<div class=\"elementor-container elementor-column-gap-default\">\n\t\t\t\t\t<div class=\"elementor-column elementor-col-100 elementor-top-column elementor-element elementor-element-405d0de\" data-id=\"405d0de\" data-element_type=\"column\" data-e-type=\"column\">\n\t\t\t<div class=\"elementor-widget-wrap elementor-element-populated\">\n\t\t\t\t\t\t<div class=\"elementor-element elementor-element-feefb25 elementor-widget elementor-widget-text-editor\" data-id=\"feefb25\" data-element_type=\"widget\" data-e-type=\"widget\" data-widget_type=\"text-editor.default\">\n\t\t\t\t<div class=\"elementor-widget-container\">\n\t\t\t\t\t\t\t\t\t<h2>Kancelaria<\/h2>\t\t\t\t\t\t\t\t<\/div>\n\t\t\t\t<\/div>\n\t\t\t\t\t<\/div>\n\t\t<\/div>\n\t\t\t\t\t<\/div>\n\t\t<\/section>\n\t\t\t\t<section class=\"elementor-section elementor-top-section elementor-element elementor-element-e38967f elementor-section-boxed elementor-section-height-default elementor-section-height-default\" data-id=\"e38967f\" data-element_type=\"section\" data-e-type=\"section\">\n\t\t\t\t\t\t<div class=\"elementor-container elementor-column-gap-default\">\n\t\t\t\t\t<div class=\"elementor-column elementor-col-100 elementor-top-column elementor-element elementor-element-d1a0ce2\" data-id=\"d1a0ce2\" data-element_type=\"column\" data-e-type=\"column\">\n\t\t\t<div class=\"elementor-widget-wrap elementor-element-populated\">\n\t\t\t\t\t\t<div class=\"elementor-element elementor-element-b869c8c elementor-widget elementor-widget-text-editor\" data-id=\"b869c8c\" data-element_type=\"widget\" data-e-type=\"widget\" data-widget_type=\"text-editor.default\">\n\t\t\t\t<div class=\"elementor-widget-container\">\n\t\t\t\t\t\t\t\t\t<p>Kancelaria Adwokacka adwokata Moniki Szczepara zajmuje si\u0119 zapewnieniem pomocy prawnej osobom fizycznym oraz przedsi\u0119biorcom.<br \/>Adwokat Monika Szczepara do\u015bwiadczenie zawodowe zdobywa\u0142a od 2006 roku i \u0142\u0105czy w sobie wiedz\u0119 oraz\u00a0 ponad 15 &#8211; letni\u0105 praktyk\u0119 w specjalistycznym doradztwie.<br \/>Kancelaria Adwokacka oferuje us\u0142ugi w tradycyjnym modelu oraz nowoczesne \u015brodki komunikacji.<br \/>Ofert\u0119 us\u0142ug prawniczych Kancelaria Adwokacka kieruje do Klient\u00f3w indywidualnych oraz podmiot\u00f3w gospodarczych.<br \/>Cech\u0105 charakterystyczn\u0105 oferty Kancelarii Adwokackiej jest dog\u0142\u0119bna ocena zagadnienia prawnego, indywidualne podej\u015bcie do ka\u017cdej sprawy oraz do Klienta.<\/p>\t\t\t\t\t\t\t\t<\/div>\n\t\t\t\t<\/div>\n\t\t\t\t\t<\/div>\n\t\t<\/div>\n\t\t\t\t\t<\/div>\n\t\t<\/section>\n\t\t\t\t<\/div>\n\t\t","protected":false},"excerpt":{"rendered":"<p>Kancelaria Kancelaria Adwokacka adwokata Moniki Szczepara zajmuje si\u0119 zapewnieniem pomocy prawnej osobom fizycznym oraz przedsi\u0119biorcom.Adwokat Monika Szczepara do\u015bwiadczenie zawodowe zdobywa\u0142a od 2006 roku i \u0142\u0105czy w sobie wiedz\u0119 oraz\u00a0 ponad 15 &#8211; letni\u0105 praktyk\u0119 w specjalistycznym doradztwie.Kancelaria Adwokacka oferuje us\u0142ugi w tradycyjnym modelu oraz nowoczesne \u015brodki komunikacji.Ofert\u0119 us\u0142ug prawniczych Kancelaria Adwokacka kieruje do Klient\u00f3w indywidualnych&hellip;&nbsp;<a href=\"https:\/\/szczepara.com\/\" class=\"\" rel=\"bookmark\">Czytaj dalej &raquo;<span class=\"screen-reader-text\">Kancelaria<\/span><\/a><\/p>\n","protected":false},"author":1,"featured_media":0,"parent":0,"menu_order":0,"comment_status":"closed","ping_status":"closed","template":"page-templates\/template-pagebuilder-full-width.php","meta":{"neve_meta_sidebar":"","neve_meta_container":"","neve_meta_enable_content_width":"off","neve_meta_content_width":100,"neve_meta_title_alignment":"","neve_meta_author_avatar":"","neve_post_elements_order":"","neve_meta_disable_header":"","neve_meta_disable_footer":"","neve_meta_disable_title":"","footnotes":""},"class_list":["post-44","page","type-page","status-publish","hentry"],"_links":{"self":[{"href":"https:\/\/szczepara.com\/index.php\/wp-json\/wp\/v2\/pages\/44","targetHints":{"allow":["GET"]}}],"collection":[{"href":"https:\/\/szczepara.com\/index.php\/wp-json\/wp\/v2\/pages"}],"about":[{"href":"https:\/\/szczepara.com\/index.php\/wp-json\/wp\/v2\/types\/page"}],"author":[{"embeddable":true,"href":"https:\/\/szczepara.com\/index.php\/wp-json\/wp\/v2\/users\/1"}],"replies":[{"embeddable":true,"href":"https:\/\/szczepara.com\/index.php\/wp-json\/wp\/v2\/comments?post=44"}],"version-history":[{"count":15,"href":"https:\/\/szczepara.com\/index.php\/wp-json\/wp\/v2\/pages\/44\/revisions"}],"predecessor-version":[{"id":144,"href":"https:\/\/szczepara.com\/index.php\/wp-json\/wp\/v2\/pages\/44\/revisions\/144"}],"wp:attachment":[{"href":"https:\/\/szczepara.com\/index.php\/wp-json\/wp\/v2\/media?parent=44"}],"curies":[{"name":"wp","href":"https:\/\/api.w.org\/{rel}","templated":true}]}}